{"id":43,"date":"2023-12-09T15:11:32","date_gmt":"2023-12-09T15:11:32","guid":{"rendered":"https:\/\/kaalund.net\/wordpress\/?page_id=43"},"modified":"2024-09-16T15:44:54","modified_gmt":"2024-09-16T15:44:54","slug":"termine","status":"publish","type":"page","link":"https:\/\/kaalund.net\/getanzte-stadtmomente\/index.php\/termine\/","title":{"rendered":"Termine"},"content":{"rendered":"\n<h1 class=\"wp-block-heading\">Termine<\/h1>\n\n\n\n<p><strong>Die Reise <\/strong>dauert ca. 60 Min und geht<\/p>\n\n\n\n<div class=\"wp-block-media-text has-media-on-the-right is-stacked-on-mobile is-image-fill\" style=\"grid-template-columns:auto 39%\"><div class=\"wp-block-media-text__content\">\n<p><br>in <strong>N\u00fcrnberg <\/strong>am<strong><br><br><\/strong>Freitag 20.9.24 um 16 Uhr<br>Samstag 21.9.24 um 16 Uhr<br>Sonntag 22.9.24 um 13 Uhr<br><br>von <br><strong>Panoramaplattform und Freiung<\/strong> der Kaiserburg, Burg 8, 90403 N\u00fcrnberg <br>bis <br><strong>Henkersteg<\/strong>, 90403 N\u00fcrnberg <\/p>\n\n\n\n<p><\/p>\n<\/div><figure class=\"wp-block-media-text__media\" style=\"background-image:url(https:\/\/kaalund.net\/getanzte-stadtmomente\/wp-content\/uploads\/2024\/07\/Freiung-low-res-1024x587.jpg);background-position:50% 50%\"><img loading=\"lazy\" decoding=\"async\" width=\"1024\" height=\"587\" src=\"https:\/\/kaalund.net\/getanzte-stadtmomente\/wp-content\/uploads\/2024\/07\/Freiung-low-res-1024x587.jpg\" alt=\"\" class=\"wp-image-372 size-full\" srcset=\"https:\/\/kaalund.net\/getanzte-stadtmomente\/wp-content\/uploads\/2024\/07\/Freiung-low-res-1024x587.jpg 1024w, https:\/\/kaalund.net\/getanzte-stadtmomente\/wp-content\/uploads\/2024\/07\/Freiung-low-res-300x172.jpg 300w, https:\/\/kaalund.net\/getanzte-stadtmomente\/wp-content\/uploads\/2024\/07\/Freiung-low-res-768x440.jpg 768w, https:\/\/kaalund.net\/getanzte-stadtmomente\/wp-content\/uploads\/2024\/07\/Freiung-low-res-1536x881.jpg 1536w, https:\/\/kaalund.net\/getanzte-stadtmomente\/wp-content\/uploads\/2024\/07\/Freiung-low-res.jpg 1810w\" sizes=\"auto, (max-width: 1024px) 100vw, 1024px\" \/><\/figure><\/div>\n\n\n<div class=\"wp-block-image\">\n<figure class=\"alignright size-full is-resized\"><img loading=\"lazy\" decoding=\"async\" width=\"846\" height=\"1016\" src=\"https:\/\/kaalund.net\/getanzte-stadtmomente\/wp-content\/uploads\/2024\/09\/Paradies-Pavillon-3.jpg\" alt=\"\" class=\"wp-image-492\" style=\"width:455px;height:auto\" srcset=\"https:\/\/kaalund.net\/getanzte-stadtmomente\/wp-content\/uploads\/2024\/09\/Paradies-Pavillon-3.jpg 846w, https:\/\/kaalund.net\/getanzte-stadtmomente\/wp-content\/uploads\/2024\/09\/Paradies-Pavillon-3-250x300.jpg 250w, https:\/\/kaalund.net\/getanzte-stadtmomente\/wp-content\/uploads\/2024\/09\/Paradies-Pavillon-3-768x922.jpg 768w\" sizes=\"auto, (max-width: 846px) 100vw, 846px\" \/><\/figure>\n<\/div>\n\n\n<p><\/p>\n\n\n\n<p>Die <strong>Reise in F\u00fcrth<\/strong> geht vom Pavillon der Dr. Konrad-Adenauer Anlage. <\/p>\n\n\n\n<p><strong>Nicht <\/strong>wie fr\u00fcher angek\u00fcndigt von <strong>Paradiesbrunnen<\/strong>, Dr.-Max-Grundig-Anlage, 90762 F\u00fcrth.<\/p>\n\n\n\n<p>Der neue Startpunkt ist ca. 100 m vom ehemaligen entfernt.\u00a0 \u00a0<\/p>\n\n\n\n<p>Endpunkt ist <strong>Marktplatz<\/strong>, 90762 F\u00fcrth&nbsp;<br>Samstag 21.9.24 um 13 Uhr.<\/p>\n\n\n\n<div style=\"height:12px\" aria-hidden=\"true\" class=\"wp-block-spacer\"><\/div>\n\n\n\n<p style=\"font-size:23px\"><strong>Versammeln Sie sich bitte kurz vor der Performance um die Person unter dem roten Regenschirm. Sie bekommen eine kurze Info \u00fcber den Verlauf und Ihre Teilnahme wird registriert.<\/strong><\/p>\n\n\n\n<div style=\"height:17px\" aria-hidden=\"true\" class=\"wp-block-spacer\"><\/div>\n\n\n\n<p>Weitere Infos unter <a href=\"https:\/\/www.nuernberg.de\/internet\/stadtverfuehrungen\/\" target=\"_blank\" rel=\"noreferrer noopener\">Stadt(ver)f\u00fchrungen 2024<\/a> &#8211; geben Sie dort unter &#8220;F\u00fchrungen 2024&#8221; das Wort &#8220;Stadtmomente&#8221; als Suchbegriff ein<\/p>\n","protected":false},"excerpt":{"rendered":"<p>Termine Die Reise dauert ca. 60 Min und geht in N\u00fcrnberg am Freitag 20.9.24 um 16 UhrSamstag 21.9.24 um 16 UhrSonntag 22.9.24 um 13 Uhr von Panoramaplattform und Freiung der Kaiserburg, Burg 8, 90403 N\u00fcrnberg bis Henkersteg, 90403 N\u00fcrnberg Die Reise in F\u00fcrth geht vom Pavillon der Dr. Konrad-Adenauer Anlage. Nicht wie fr\u00fcher angek\u00fcndigt von&hellip;&nbsp;<a href=\"https:\/\/kaalund.net\/getanzte-stadtmomente\/index.php\/termine\/\" class=\"\" rel=\"bookmark\">Read More &raquo;<span class=\"screen-reader-text\">Termine<\/span><\/a><\/p>\n","protected":false},"author":1,"featured_media":0,"parent":0,"menu_order":0,"comment_status":"closed","ping_status":"closed","template":"","meta":{"neve_meta_sidebar":"","neve_meta_container":"","neve_meta_enable_content_width":"on","neve_meta_content_width":100,"neve_meta_title_alignment":"","neve_meta_author_avatar":"","neve_post_elements_order":"","neve_meta_disable_header":"","neve_meta_disable_footer":"","neve_meta_disable_title":"on","footnotes":""},"class_list":["post-43","page","type-page","status-publish","hentry"],"jetpack_sharing_enabled":true,"_links":{"self":[{"href":"https:\/\/kaalund.net\/getanzte-stadtmomente\/index.php\/wp-json\/wp\/v2\/pages\/43","targetHints":{"allow":["GET"]}}],"collection":[{"href":"https:\/\/kaalund.net\/getanzte-stadtmomente\/index.php\/wp-json\/wp\/v2\/pages"}],"about":[{"href":"https:\/\/kaalund.net\/getanzte-stadtmomente\/index.php\/wp-json\/wp\/v2\/types\/page"}],"author":[{"embeddable":true,"href":"https:\/\/kaalund.net\/getanzte-stadtmomente\/index.php\/wp-json\/wp\/v2\/users\/1"}],"replies":[{"embeddable":true,"href":"https:\/\/kaalund.net\/getanzte-stadtmomente\/index.php\/wp-json\/wp\/v2\/comments?post=43"}],"version-history":[{"count":23,"href":"https:\/\/kaalund.net\/getanzte-stadtmomente\/index.php\/wp-json\/wp\/v2\/pages\/43\/revisions"}],"predecessor-version":[{"id":497,"href":"https:\/\/kaalund.net\/getanzte-stadtmomente\/index.php\/wp-json\/wp\/v2\/pages\/43\/revisions\/497"}],"wp:attachment":[{"href":"https:\/\/kaalund.net\/getanzte-stadtmomente\/index.php\/wp-json\/wp\/v2\/media?parent=43"}],"curies":[{"name":"wp","href":"https:\/\/api.w.org\/{rel}","templated":true}]}}

<h1 class="wp-block-heading">Termine</h1>



<p><strong>Die Reise </strong>dauert ca. 60 Min und geht</p>



<div class="wp-block-media-text has-media-on-the-right is-stacked-on-mobile is-image-fill" style="grid-template-columns:auto 39%"><div class="wp-block-media-text__content">
<p><br>in <strong>Nürnberg </strong>am<strong><br><br></strong>Freitag 20.9.24 um 16 Uhr<br>Samstag 21.9.24 um 16 Uhr<br>Sonntag 22.9.24 um 13 Uhr<br><br>von <br><strong>Panoramaplattform und Freiung</strong> der Kaiserburg, Burg 8, 90403 Nürnberg <br>bis <br><strong>Henkersteg</strong>, 90403 Nürnberg </p>



<p></p>
</div><figure class="wp-block-media-text__media" style="background-image:url(https://kaalund.net/getanzte-stadtmomente/wp-content/uploads/2024/07/Freiung-low-res-1024x587.jpg);background-position:50% 50%"><img loading="lazy" decoding="async" width="1024" height="587" src="https://kaalund.net/getanzte-stadtmomente/wp-content/uploads/2024/07/Freiung-low-res-1024x587.jpg" alt="" class="wp-image-372 size-full" srcset="https://kaalund.net/getanzte-stadtmomente/wp-content/uploads/2024/07/Freiung-low-res-1024x587.jpg 1024w, https://kaalund.net/getanzte-stadtmomente/wp-content/uploads/2024/07/Freiung-low-res-300x172.jpg 300w, https://kaalund.net/getanzte-stadtmomente/wp-content/uploads/2024/07/Freiung-low-res-768x440.jpg 768w, https://kaalund.net/getanzte-stadtmomente/wp-content/uploads/2024/07/Freiung-low-res-1536x881.jpg 1536w, https://kaalund.net/getanzte-stadtmomente/wp-content/uploads/2024/07/Freiung-low-res.jpg 1810w" sizes="auto, (max-width: 1024px) 100vw, 1024px" /></figure></div>


<div class="wp-block-image">
<figure class="alignright size-full is-resized"><img loading="lazy" decoding="async" width="846" height="1016" src="https://kaalund.net/getanzte-stadtmomente/wp-content/uploads/2024/09/Paradies-Pavillon-3.jpg" alt="" class="wp-image-492" style="width:455px;height:auto" srcset="https://kaalund.net/getanzte-stadtmomente/wp-content/uploads/2024/09/Paradies-Pavillon-3.jpg 846w, https://kaalund.net/getanzte-stadtmomente/wp-content/uploads/2024/09/Paradies-Pavillon-3-250x300.jpg 250w, https://kaalund.net/getanzte-stadtmomente/wp-content/uploads/2024/09/Paradies-Pavillon-3-768x922.jpg 768w" sizes="auto, (max-width: 846px) 100vw, 846px" /></figure>
</div>


<p></p>



<p>Die <strong>Reise in Fürth</strong> geht vom Pavillon der Dr. Konrad-Adenauer Anlage. </p>



<p><strong>Nicht </strong>wie früher angekündigt von <strong>Paradiesbrunnen</strong>, Dr.-Max-Grundig-Anlage, 90762 Fürth.</p>



<p>Der neue Startpunkt ist ca. 100 m vom ehemaligen entfernt.   </p>



<p>Endpunkt ist <strong>Marktplatz</strong>, 90762 Fürth&nbsp;<br>Samstag 21.9.24 um 13 Uhr.</p>



<div style="height:12px" aria-hidden="true" class="wp-block-spacer"></div>



<p style="font-size:23px"><strong>Versammeln Sie sich bitte kurz vor der Performance um die Person unter dem roten Regenschirm. Sie bekommen eine kurze Info über den Verlauf und Ihre Teilnahme wird registriert.</strong></p>



<div style="height:17px" aria-hidden="true" class="wp-block-spacer"></div>



<p>Weitere Infos unter <a href="https://www.nuernberg.de/internet/stadtverfuehrungen/" target="_blank" rel="noreferrer noopener">Stadt(ver)führungen 2024</a> &#8211; geben Sie dort unter &#8220;Führungen 2024&#8221; das Wort &#8220;Stadtmomente&#8221; als Suchbegriff ein</p>

<p>Termine Die Reise dauert ca. 60 Min und geht in Nürnberg am Freitag 20.9.24 um 16 UhrSamstag 21.9.24 um 16 UhrSonntag 22.9.24 um 13 Uhr von Panoramaplattform und Freiung der Kaiserburg, Burg 8, 90403 Nürnberg bis Henkersteg, 90403 Nürnberg Die Reise in Fürth geht vom Pavillon der Dr. Konrad-Adenauer Anlage. Nicht wie früher angekündigt von&hellip;&nbsp;<a href="https://kaalund.net/getanzte-stadtmomente/index.php/termine/" class="" rel="bookmark">Read More &raquo;<span class="screen-reader-text">Termine</span></a></p>
